umber?
False
Let a be 6/21 - (-18)/(-14). Let l be a/(-1) - (-1484)/(-14). Let t = l - -223. Is t a composite number?
True
Let l(c) = c**2 + 4*c - 40. Let y be l(-9). Suppose 2*r = y*t + 1839, 0*t - 4530 = -5*r - t. Is r prime?
True
Let n = 4880 - 2823. Is (n + -2)*((-3)/(-9) + 0) a composite number?
True
Let o be 3/8 + 2937/(-88). Let l be (9/3)/(o/(-44)). Suppose 0 = -2*d + 4*a - a + 4801, -4*d + 9552 = l*a. Is d composite?
False
Suppose 0*l = 8*l + 5208. Is (-9 - l) + -15*2/(-6) composite?
False
Suppose 0 = -2*r - 4*x + 18, -2 = 2*x - x. Let f = 9 - r. Is (-1)/(-4) - 1171/f a prime number?
True
Suppose 20*b = 1467221 + 2714499. Is b composite?
True
Suppose 0 = -3*u + 3*n + n - 5560, 3*u + 5558 = 2*n. Let j = u - -2739. Is j a composite number?
False
Let f(y) = 5961*y**2 + 305*y - 305. Is f(1) prime?
False
Suppose 30 = 5*r - 140. Let f = -31 + r. Suppose -f*y + 3647 = 4*y. Is y prime?
True
Let p(c) = 2332*c**2 - 112*c - 1769. Is p(-14) prime?
True
Suppose -11*p - 80934 = -17*p. Suppose -17*s = -10*s - p. Is s prime?
False
Suppose 2 = 3*r - 2*r - s, 4*r - 2*s - 8 = 0. Let m(u) = 231*u**3 + 3*u**3 - 3 + 132*u**3 + u. Is m(r) a composite number?
False
Let l = 9727 + 93316. Is l a prime number?
True
Let v = 177381 + 24554. Is v a composite number?
True
Let l(f) = 197*f**2 + 25*f - 509. Is l(33) prime?
True
Let k(o) = -4*o**3 + 53*o**2 + 419*o + 79. Is k(-43) composite?
False
Let j(d) be the first derivative of -3*d**2/2 - 13*d + 18. Let g be j(-19). Suppose -3883 = -5*a - 4*u, 2*a + 4*u = 1502 + g. Is a a composite number?
True
Suppose 6*m - m - 65 = 0. Suppose -3*j = -7*j + 3*j. Suppose m*x - 17*x + 10444 = j. Is x composite?
True
Let w(v) = 60*v - 16. Let y(z) = -122*z + 31. Let h(m) = -5*w(m) - 2*y(m). Is h(-16) a prime number?
False
Let m be (88/33 + 0)/((-4)/(-6)). Is m + (-90)/24 - (-47049)/12 a prime number?
False
Suppose 10*x = 94 + 576. Let v = x - 65. Is (v + -393)*(-3)/3 a prime number?
False
Suppose 24*k = -330475 - 302261. Let b = -13625 - k. Is b a prime number?
True
Is (-8 - (-11 + (-90)/(-24)))*-1478548 prime?
False
Let h(q) = q**3 - 48*q**2 - 132*q - 648. Is h(91) a composite number?
False
Let g(b) = 16*b**2 - 2*b - 31. Let z(y) = y**2 + y + 8. Let j be z(0). Suppose -6 = j*x + 34. Is g(x) a composite number?
False
Is ((-3)/2)/(96/(-36750016)) a prime number?
True
Suppose -g + 4*y + 14477 = 0, 5*g = 6*g - y - 14486. Is g a composite number?
False
Suppose 0 = -1620*h + 1627*h - 77. Suppose -h*b + 27330 + 1633 = 0. Is b a prime number?
True
Let h be (-8)/(-12)*(-7 + 10). Suppose -4*i + 15046 = 2*c, -7525 = -h*i - 7*c + 4*c. Is i a composite number?
False
Let f(b) = 210*b**2 + 11*b + 4. Suppose 118*k - 117*k = -5. Is f(k) a composite number?
True
Is (-2118167)/(-45) + (-14)/(-35) - 8/(-36) a prime number?
False
Let h(p) = 125*p + 12. Let q = 111 - 57. Let l = -47 + q. Is h(l) a prime number?
True
Suppose -2*a + 8*i + 38722 = 4*i, 3*a - i = 58113. Is a a composite number?
False
Suppose -g - 5832 = 3*b - 26825, -5*b + 41992 = 2*g. Is g a composite number?
False
Let r(d) = -3*d - 16 + 28 + 47 + 6. Let g be r(25). Let a(c) = -320*c + 3. Is a(g) composite?
False
Suppose g + 4*x = 569, 4*g - x - 2685 = -477. Suppose -5*v = 3*f - g - 221, -5*f + 2*v = -1321. Is f a composite number?
False
Suppose 5*y + 3 = -2*f, 3*f - 2*y = 13 + 11. Suppose 5*r = k + 30, 9*r - 2*k - 25 = f*r. Suppose r*p + 5*u = 2810, -2770 = -4*p - p + 3*u. Is p composite?
False
Suppose -p = 63 - 61, -2*n - 3*p + 33812 = 0. Is n prime?
False
Suppose -32*k = -29*k - 51. Suppose 5*b = k*b - 36. Is (9/b*-1 - -709) + 3 a composite number?
False
Let x = 87930 + -51136. Is x composite?
True
Suppose 2*j = 4*j + 3*j. Suppose 2*u + 2*l - 1106 = j, -6*u + 4*u + 1102 = 3*l. Is u prime?
True
Is (5759315/(-230) - (0 + 3))*-2 prime?
True
Suppose 0 = -3*u + 2*q + 109, -4*u - q + 150 = q. Suppose -31206 = -u*o + 31*o. Is o composite?
True
Let n = -39652 + 58035. Is n composite?
True
Suppose 3*y - 3*d = 6*y - 515988, 3*y - 3*d - 515994 = 0. Is y a prime number?
False
Is ((-56211)/(-9))/((-55)/(-165)) prime?
False
Let b(l) = l**3 - 6*l**2 + 16*l - 30. Suppose 5*t = z + 70, 3*t - z = -0*t + 44. Is b(t) prime?
True
Let r(k) = 2*k + 27. Let g be r(-11). Suppose -4*n + 11799 = s, g*s - 15533 - 43414 = 4*n. Is s composite?
True
Let f = 1816 + 4110. Is f composite?
True
Suppose 83*z + 10256 = 87*z. Suppose 4*r + z = 6*r. Is r a prime number?
False
Suppose -8886 - 101211 = -9*k. Is k a composite number?
True
Let x(z) = 14*z**2 + 19*z - 29. Let u be x(-15). Suppose 0 = 5*w - 5859 - u. Is w a composite number?
True
Let x be (-5642)/((-6)/3) + 0. Suppose -3*p + m = -8484, x = -0*p + p + 2*m. Is p composite?
True
Suppose -1518500 = -4056*p + 3956*p. Is p a prime number?
False
Suppose -5*k + 34214 = -x, k = 4*x + 5041 + 1817. Suppose 0*p - 4*p = 2*d - k, 2*p + 4*d - 3430 = 0. Is p a prime number?
True
Let k = 79514 - 1845. Is k a prime number?
False
Let t(h) = h + 11. Let l be t(-4). Suppose -34875 = l*s - 8191. Is (s/(-6))/((-6)/(-9)) a prime number?
True
Let j(n) = -n + 9. Let t be j(-9). Suppose 0 = t*f - 17*f - 2731. Is f a prime number?
True
Let b(o) = 2091*o + 14 + 3111*o - 57 - 925*o + 2157*o. Is b(4) composite?
False
Suppose -3*f + 2*o + 344229 = 0, -229*o + 234*o = 0. Is f composite?
False
Let a(s) = 22*s + 45. Let t be a(-2). Is (-1 - t)*2*20002/(-8) a prime number?
False
Let b(s) = -11742*s + 5312. Is b(-7) prime?
False
Is (-3 - 0) + 286308 + 21 + -25 prime?
True
Let n = -3377 + 12616. Is n a prime number?
True
Suppose 23*f = -177*f + 15194800. Is f composite?
True
Let p = -5 - -8. Suppose 0 = 3*j - p*w - 5529, 5*j + 4*w - 9199 = w. Is j a prime number?
False
Suppose 2*u + 0*c - c = -13238, -19851 = 3*u - 3*c. Let f = u - -14201. Is (0 + 1)/(4/f) a composite number?
True
Let c = -44 - -59. Is (2 - 38795/c)/(1/(-3)) a prime number?
True
Let f = 411101 + -169788. Is f a prime number?
True
Let z(g) = 3160*g**2 + 24*g + 178. Let f be z(-9). Suppose -30*u = -f - 34688. Is u composite?
True
Let o(w) = -30*w**2 - 5*w - 3. Let y be o(-1). Is y + 23 - 5/((-10)/13988) composite?
True
Let l(g) = -465*g**3 + 5*g**2 - 2*g. Let y be l(-3). Let x = -2017 + y. Is x composite?
False
Let k(r) = -88*r + 11. Let m(o) = 441*o - 56. Let q(c) = 11*k(c) + 2*m(c). Let y be q(-6). Let x = -274 + y. Is x composite?
False
Suppose 3*b = 5*m - 3125447, -291*b = m - 293*b - 625095. Is m prime?
True
Let f(u) = -1477*u + 45. Let z be f(-22). Suppose 12*h - z = -h. Is h composite?
False
Is (10*53451/180)/((-4)/(-104)) a composite number?
True
Suppose 0 = 2*z + 3*o - 4*o - 37, -4*z + 75 = -o. Suppose -z*g - 2*k = -24*g + 5825, 2*g - 2324 = 2*k. Is g a prime number?
False
Suppose 4*l + 184 = 160, 4*f - 732 = 4*l. Suppose -2*w = -7*w + 20. Suppose 5*y - 3*u = f, -w = u - 0. Is y a prime number?
False
Let h(g) = -g**3 + 6*g**2 - 5*g + 6. Let q be h(5). Suppose -4*v + 2*n + 6036 = 0, -4*v = -q*v + 3*n + 3010. Is v a prime number?
True
Suppose 50*c - 323837 = -9*c + 1289754. Is c a prime number?
False
Let u be (1035/(-117) - -9) + 2/(-13). Suppose -f = -u*m - 2*m - 277, -3*f = -m - 816. Is f prime?
True
Let x = -525467 - -2467816. Is x a composite number?
False
Let j be 0*(1 - -1 - 3). Let a = j + 4. Suppose 3*u = a*i + 837 + 1084, u = 4*i + 651. Is u a composite number?
True
Let y be (-4)/14 + 136/(-14). Let t(b) = 11*b**2 + 22*b + 27. Is t(y) composite?
False
Suppose 8*w + 33*w - 43*w = -573502. Is w a prime number?
True
Suppose -4 = 3*t - 2*i, 2*i - 4 = 6*t - t. Let x(l) = 2*l + 4742. Is x(t) composite?
True
Is (15 - (-28 - -312))/((-1032)/1031 + 1) prime?
False
Suppose 3*q - 64047 = 4*s, -q + 17*s + 21329 = 19*s. Is q composite?
False
Suppose 586 = -16*v - 742. Let j = 28 - v. Is j composite?
True
Suppose y - 9*u - 160811 = 131814, 0 = -u - 2. Is y composite?
True
Is (-31582530)/(-1302) - 2/(-31) composite?
True
Suppose 2*m + 26*m + 1646088 = 10054292. Is m prime?
False
Let q(z) = 91957*z**2 + 19*z + 1. Is q(-1) a prime number?
True
Is -26 + 5136837/63 + (0 - 6/63) composite?
True
Let f = 103932 - 56771. Is f composite?
False
Let q(h) = 36*h**2 - 53*h + 1448. Is q(-87) composite?
False
Let n be -3 + 14 - (5 + 1 + -1). Is (2 - n) + -15*1682/(-6) prime?
True
Suppose 4*j - 3*j - r = 10, 0 = 3*j - 5*r - 40. Suppose 33694 = 